{"id":2,"date":"2022-03-02T13:18:34","date_gmt":"2022-03-02T13:18:34","guid":{"rendered":"https:\/\/enelsol.es\/\/?page_id=2"},"modified":"2024-09-11T12:34:24","modified_gmt":"2024-09-11T12:34:24","slug":"caminatas-senderismo","status":"publish","type":"page","link":"https:\/\/enelsol.es\/?page_id=2","title":{"rendered":"Caminatas"},"content":{"rendered":"\n<p class=\"has-text-align-center has-larger-font-size\"><span style=\"color: #ff6600;\"><strong>Nuestras Caminatas<\/strong><\/span><span style=\"\"><strong style=\"color: rgb(255, 102, 0);\"> EnElSol<\/strong><\/span><\/p>\n\n\n\n<p class=\"has-drop-cap\">Desde <span style=\"color: #ff6600;\"><strong>Caminantes En El Sol<\/strong><\/span> te proponemos <span style=\"color: #ff6600;\"><strong>caminatas<\/strong><\/span> tem\u00e1ticas, unidas por un hilo conductor que nos ayude a dar un enfoque diferente, una mirada distinta a nuestras salidas al monte. Te proponemos disfrutar del paisaje, de los detalles, de nuestro esfuerzo, de las curiosidades y an\u00e9cdotas de los lugares por los que pasemos. No proponemos <span style=\"color: #ff6600;\"><strong>caminatas<\/strong><\/span> \u00abca\u00f1eras\u00bb, si es esto lo que buscas no te lo podemos ofrecer, nuestra intenci\u00f3n es que en nuestras retinas queden todos aquellos detalles y recuerdos inolvidables que nos har\u00e1n m\u00e1s llevadero el devenir de los d\u00edas&#8230; hasta la siguiente <span style=\"color: #ff6600;\"><strong>caminata<\/strong><\/span>.<\/p>\n\n\n\n<div class=\"wp-block-media-text alignwide is-vertically-aligned-top\" style=\"grid-template-columns:15% auto\"><figure class=\"wp-block-media-text__media\"><a href=\"https:\/\/enelsol.es\/\/?page_id=116\"><img loading=\"lazy\" decoding=\"async\" width=\"125\" height=\"125\" src=\"https:\/\/enelsol.es\/\/wp-content\/uploads\/2022\/04\/arbol125.png\" alt=\"\" class=\"wp-image-510 size-full\"\/><\/a><\/figure><div class=\"wp-block-media-text__content\">\n<p class=\"has-text-align-justify has-normal-font-size\"><span style=\"color: #ff6600;\"><strong><a href=\"https:\/\/enelsol.es\/\/?page_id=116\">\u00c1rboles Singulares:<\/a><\/strong><\/span> En la Comunidad de Madrid existen 281 \u00e1rboles catalogados como singulares por su porte, por su edad o por su historia. Todos ellos espectaculares patriarcas de nuestros bosques. \u00bfTe vienes en su busca?<\/p>\n<\/div><\/div>\n\n\n\n<div class=\"wp-block-media-text alignwide is-vertically-aligned-top\" style=\"grid-template-columns:15% auto\"><figure class=\"wp-block-media-text__media\"><a href=\"https:\/\/enelsol.es\/\/?page_id=124\"><img loading=\"lazy\" decoding=\"async\" width=\"125\" height=\"125\" src=\"https:\/\/enelsol.es\/\/wp-content\/uploads\/2022\/04\/huellas125.png\" alt=\"\" class=\"wp-image-537 size-full\"\/><\/a><\/figure><div class=\"wp-block-media-text__content\">\n<p class=\"has-text-align-justify has-normal-font-size\"><a href=\"https:\/\/enelsol.es\/\/?page_id=124\"><span style=\"color: #ff6600;\"><strong>Tras las huellas de los bandoleros:<\/strong><\/span><\/a> En  los siglos XVIII y principios del XIX se produjo un fuerte incremento del bandolerismo en Espa\u00f1a. Entre las causas que lo originaron se encuentran las penurias econ\u00f3micas, la falta de autoridad, el licenciamiento de las guerrillas de la Guerra de la Independencia y, en algunos casos, el deseo de aventura. Los bandoleros y asalta-caminos encontraron refugio y f\u00e1cil escondite en las zonas despobladas de las sierras. La Comunidad de Madrid no fue una excepci\u00f3n y fueron numerosos los bandidos que se \u00abecharon al monte\u00bb y utilizaron la Sierra de Guadarrama para esconderse de la justicia que les persegu\u00eda. \u00bfTe apetece seguir sus huellas y ver los parajes en los que estuvieron Luis Candelas, Pablo Santos o La Tuerta entre otros?<\/p>\n<\/div><\/div>\n\n\n\n<div class=\"wp-block-media-text alignwide is-vertically-aligned-top\" style=\"grid-template-columns:15% auto\"><figure class=\"wp-block-media-text__media\"><a href=\"https:\/\/enelsol.es\/\/?page_id=119\"><img loading=\"lazy\" decoding=\"async\" width=\"125\" height=\"125\" src=\"https:\/\/enelsol.es\/\/wp-content\/uploads\/2022\/04\/verdes125.png\" alt=\"\" class=\"wp-image-538 size-full\"\/><\/a><\/figure><div class=\"wp-block-media-text__content\">\n<p class=\"has-text-align-justify has-normal-font-size\">Las <span style=\"color: #ff6600;\"><strong><a href=\"https:\/\/enelsol.es\/\/?page_id=119\">V\u00edas Verdes<\/a><\/strong><\/span> son antiguos trazados de ferrocarril en desuso que la Fundaci\u00f3n de los Ferrocarriles Espa\u00f1oles ha recuperado para ser recorridos a pie y en bicicleta. Son, en general, trayectos c\u00f3modos y sin pendiente apreciable que invitan a una c\u00f3moda <span style=\"color: #ff6600;\"><strong>caminata<\/strong><\/span>. \u00bfTe subes al tren?<\/p>\n<\/div><\/div>\n\n\n\n<div class=\"wp-block-media-text alignwide is-vertically-aligned-top\" style=\"grid-template-columns:15% auto\"><figure class=\"wp-block-media-text__media\"><a href=\"https:\/\/enelsol.es\/\/?page_id=127\"><img loading=\"lazy\" decoding=\"async\" width=\"125\" height=\"125\" src=\"https:\/\/enelsol.es\/\/wp-content\/uploads\/2022\/04\/GR125.png\" alt=\"\" class=\"wp-image-539 size-full\"\/><\/a><\/figure><div class=\"wp-block-media-text__content\">\n<p class=\"has-text-align-justify has-normal-font-size\"><a href=\"https:\/\/enelsol.es\/\/?page_id=127\"><span style=\"color: #ff6600;\"><strong>GR<\/strong><\/span>:<\/a> Los senderos de Gran Recorrido (o GR) son senderos homologados y balizados que cubren grandes distancias en las que es necesario dedicar varias jornadas para completar todo el recorrido. El GR10, que discurre entre Lisboa y Valencia, entra en la Comunidad de Madrid a la altura de Patones y recorre la sierra de Guadarrama hasta San Mart\u00edn de Valdeiglesias. Adem\u00e1s por la CAM discurren otros GR124 como la Senda Real (entre Madrid y Manzanares el Real), la Senda del Genaro GR300 (que bordea el pantano del Atazar), el GR88 que enlaza Madrid y Segovia y el GR113 que recorre el r\u00edo Tajo . \u00bfTe animas a recorrer alg\u00fan tramo?<\/p>\n<\/div><\/div>\n\n\n\n<div class=\"wp-block-media-text alignwide is-vertically-aligned-top\" style=\"grid-template-columns:15% auto\"><figure class=\"wp-block-media-text__media\"><a href=\"https:\/\/enelsol.es\/\/?page_id=127\"><img loading=\"lazy\" decoding=\"async\" width=\"125\" height=\"125\" src=\"https:\/\/enelsol.es\/wp-content\/uploads\/2023\/01\/Encanto125.png\" alt=\"\" class=\"wp-image-2415 size-full\"\/><\/a><\/figure><div class=\"wp-block-media-text__content\">\n<p class=\"has-normal-font-size\"><span style=\"color: #ff6600;\"><strong><a href=\"https:\/\/enelsol.es\/?page_id=2564\">Caminatas con Encanto<\/a><\/strong><\/span><a href=\"https:\/\/enelsol.es\/\/?page_id=127\">:<\/a> Cascadas, ca\u00f1ones, barrancos, miradores&#8230; en el medio natural de la CAM y provincias lim\u00edtrofes hay innumerables lugares con un encanto irresistible que no nos podemos perder. \u00bfNos hechizamos juntos?<\/p>\n<\/div><\/div>\n\n\n\n<div class=\"wp-block-media-text alignwide is-vertically-aligned-top\" style=\"grid-template-columns:15% auto\"><figure class=\"wp-block-media-text__media\"><a href=\"https:\/\/enelsol.es\/\/?page_id=127\"><img loading=\"lazy\" decoding=\"async\" width=\"125\" height=\"125\" src=\"https:\/\/enelsol.es\/wp-content\/uploads\/2024\/09\/Cumbre125.png\" alt=\"\" class=\"wp-image-4183 size-full\"\/><\/a><\/figure><div class=\"wp-block-media-text__content\">\n<p class=\"has-normal-font-size\"><span style=\"color: #ff6600;\"><strong><a href=\"https:\/\/enelsol.es\/?page_id=4179\">Acariciando el cielo<\/a><\/strong><\/span><a href=\"https:\/\/enelsol.es\/\/?page_id=127\">:<\/a> Subiremos a las cumbres m\u00e1s emblem\u00e1ticas de nuestras sierras, all\u00ed donde por encima solo estar\u00e1 el cielo, donde los paisajes impresionan y el silencio sobrecoge. \u00bfTe emocionas con nosotros?<\/p>\n<\/div><\/div>\n\n\n\n<div class=\"wp-block-media-text alignwide is-vertically-aligned-top\" style=\"grid-template-columns:15% auto\"><figure class=\"wp-block-media-text__media\"><a href=\"https:\/\/enelsol.es\/\/?page_id=127\"><img loading=\"lazy\" decoding=\"async\" width=\"125\" height=\"125\" src=\"https:\/\/enelsol.es\/wp-content\/uploads\/2023\/01\/Sureste125.png\" alt=\"\" class=\"wp-image-2414 size-full\"\/><\/a><\/figure><div class=\"wp-block-media-text__content\">\n<p class=\"has-text-align-justify has-normal-font-size\"><span style=\"color: #ff6600;\"><strong><a href=\"https:\/\/enelsol.es\/?page_id=2475\">PR Sureste<\/a><\/strong><\/span><a href=\"https:\/\/enelsol.es\/\/?page_id=127\">:<\/a> El Parque Regional del Sureste es un espacio natural que abarca el recorrido del r\u00edo Jarama y la confluencia con tres de sus afluentes, el Henares, el Taju\u00f1a y el Manzanares. Es un espacio con gran biodiversidad tanto de aves como de fauna y en el que se alternan lagunas, riberas, cantiles y sotos. En los humedales se concentran gran cantidad de aves acu\u00e1ticas, en los cantiles y cortados aves de roquedos y en sus proximidades no es extra\u00f1a la silueta de rapaces. En las caminatas por el Parque Regional del Sureste encontraremos magn\u00edficos ejemplares de \u00e1rboles de diferentes especies. \u00bfQu\u00e9 m\u00e1s se puede pedir?<\/p>\n<\/div><\/div>\n\n\n\n<p><\/p>\n\n\n\n<div class=\"wp-block-group\"><div class=\"wp-block-group__inner-container is-layout-constrained wp-block-group-is-layout-constrained\">\n<div class=\"wp-block-columns is-layout-flex wp-container-core-columns-is-layout-9d6595d7 wp-block-columns-is-layout-flex\">\n<div class=\"wp-block-column has-sitebg-background-color has-background is-layout-flow wp-block-column-is-layout-flow\" style=\"flex-basis:100%\">\n<div class=\"wp-block-buttons alignwide is-content-justification-space-between is-layout-flex wp-container-core-buttons-is-layout-256aec57 wp-block-buttons-is-layout-flex\">\n<div class=\"wp-block-button has-custom-width wp-block-button__width-50 has-custom-font-size is-style-outline is-style-outline--1\" style=\"font-size:9px\"><a class=\"wp-block-button__link has-sitebg-color has-text-color has-background wp-element-button\" href=\"https:\/\/enelsol.es\/\/?page_id=116\" style=\"border-radius:100px;background-color:#1e3231\">Arboles Singulares<\/a><\/div>\n\n\n\n<div class=\"wp-block-button has-custom-width wp-block-button__width-25 has-custom-font-size is-style-fill\" style=\"font-size:9px\"><a class=\"wp-block-button__link has-sitebg-color has-text-color has-background wp-element-button\" href=\"https:\/\/enelsol.es\/\/?page_id=119\" style=\"border-radius:100px;background-color:#1e3231\">V\u00edas verdes <\/a><\/div>\n\n\n\n<div class=\"wp-block-button has-custom-width wp-block-button__width-50 has-custom-font-size is-style-outline is-style-outline--2\" style=\"font-size:9px\"><a class=\"wp-block-button__link has-sitebg-color has-text-color has-background wp-element-button\" href=\"https:\/\/enelsol.es\/\/?page_id=124\" style=\"border-radius:100px;background-color:#1e3231\">Tras las huellas de los bandoleros<\/a><\/div>\n\n\n\n<div class=\"wp-block-button has-custom-width wp-block-button__width-25 has-custom-font-size is-style-outline is-style-outline--3\" style=\"font-size:9px\"><a class=\"wp-block-button__link has-sitebg-color has-text-color has-background wp-element-button\" href=\"https:\/\/enelsol.es\/\/?page_id=127\" style=\"border-radius:100px;background-color:#1e3231\">GR<\/a><\/div>\n\n\n\n<div class=\"wp-block-button has-custom-width wp-block-button__width-50 has-custom-font-size is-style-outline is-style-outline--4\" style=\"font-size:9px\"><a class=\"wp-block-button__link has-sitebg-color has-text-color has-background wp-element-button\" href=\"https:\/\/enelsol.es\/?page_id=2564\" style=\"border-radius:100px;background-color:#1e3231\">Caminatas con encanto<\/a><\/div>\n\n\n\n<div class=\"wp-block-button has-custom-width wp-block-button__width-25 has-custom-font-size is-style-outline is-style-outline--5\" style=\"font-size:9px\"><a class=\"wp-block-button__link has-sitebg-color has-text-color has-background wp-element-button\" href=\"https:\/\/enelsol.es\/?page_id=2475\" style=\"border-radius:100px;background-color:#1e3231\">PR Sureste<\/a><\/div>\n<\/div>\n\n\n\n<p class=\"has-sitebg-color has-text-color has-link-color wp-elements-f306afb9d21bab070df56952c1a77350\">.<\/p>\n\n\n\n<div class=\"wp-block-buttons is-layout-flex wp-block-buttons-is-layout-flex\">\n<div class=\"wp-block-button has-custom-width wp-block-button__width-50 has-custom-font-size is-style-fill\" style=\"font-size:9px\"><a class=\"wp-block-button__link has-sitebg-color has-text-color has-background has-link-color wp-element-button\" href=\"https:\/\/enelsol.es\/?page_id=4179\" style=\"border-radius:100px;background-color:#1e3231\">Acariciando el cielo<\/a><\/div>\n<\/div>\n<\/div>\n<\/div>\n<\/div><\/div>\n\n\n\n<p class=\"has-text-align-right has-small-font-size\"><em>icons by Freepik<\/em><\/p>\n\n\n\n<p><\/p>\n","protected":false},"excerpt":{"rendered":"<p>Nuestras Caminatas EnElSol Desde Caminantes En El Sol te proponemos caminatas tem\u00e1ticas, unidas por un hilo conductor que nos ayude a dar un enfoque diferente, &hellip;<\/p>\n","protected":false},"author":1,"featured_media":0,"parent":0,"menu_order":0,"comment_status":"closed","ping_status":"closed","template":"","meta":{"advanced_seo_description":"","jetpack_seo_html_title":"","jetpack_seo_noindex":false,"footnotes":""},"class_list":["post-2","page","type-page","status-publish","hentry"],"jetpack_sharing_enabled":true,"_links":{"self":[{"href":"https:\/\/enelsol.es\/index.php?rest_route=\/wp\/v2\/pages\/2","targetHints":{"allow":["GET"]}}],"collection":[{"href":"https:\/\/enelsol.es\/index.php?rest_route=\/wp\/v2\/pages"}],"about":[{"href":"https:\/\/enelsol.es\/index.php?rest_route=\/wp\/v2\/types\/page"}],"author":[{"embeddable":true,"href":"https:\/\/enelsol.es\/index.php?rest_route=\/wp\/v2\/users\/1"}],"replies":[{"embeddable":true,"href":"https:\/\/enelsol.es\/index.php?rest_route=%2Fwp%2Fv2%2Fcomments&post=2"}],"version-history":[{"count":58,"href":"https:\/\/enelsol.es\/index.php?rest_route=\/wp\/v2\/pages\/2\/revisions"}],"predecessor-version":[{"id":4202,"href":"https:\/\/enelsol.es\/index.php?rest_route=\/wp\/v2\/pages\/2\/revisions\/4202"}],"wp:attachment":[{"href":"https:\/\/enelsol.es\/index.php?rest_route=%2Fwp%2Fv2%2Fmedia&parent=2"}],"curies":[{"name":"wp","href":"https:\/\/api.w.org\/{rel}","templated":true}]}}